der when 31271884 is divided by 1012?
72
Calculate the remainder when 3357145 is divided by 1119017.
94
What is the remainder when 93935 is divided by 78?
23
Calculate the remainder when 12065851 is divided by 12065844.
7
Calculate the remainder when 1121416 is divided by 373619.
559
Calculate the remainder when 273263 is divided by 68295.
83
Calculate the remainder when 603676 is divided by 3816.
748
Calculate the remainder when 49749224 is divided by 62.
52
Calculate the remainder when 4960186 is divided by 48.
10
Calculate the remainder when 542400 is divided by 16584.
11712
What is the remainder when 5127268 is divided by 155371?
25
What is the remainder when 2095733 is divided by 38?
33
What is the remainder when 292180 is divided by 3787?
581
What is the remainder when 4079230 is divided by 96?
94
Calculate the remainder when 7333740 is divided by 6601.
29
Calculate the remainder when 20443552 is divided by 136.
32
What is the remainder when 13769624 is divided by 34?
32
Calculate the remainder when 5603465 is divided by 23.
21
Calculate the remainder when 11734534 is divided by 373.
327
What is the remainder when 3523451 is divided by 113?
111
Calculate the remainder when 42451676 is divided by 8994.
8990
What is the remainder when 264726 is divided by 65738?
1774
Calculate the remainder when 120074 is divided by 1816.
218
Calculate the remainder when 116043342 is divided by 10831.
8
Calculate the remainder when 8516612 is divided by 59976.
20
Calculate the remainder when 1011491 is divided by 505744.
3
Calculate the remainder when 479317 is divided by 72.
13
What is the remainder when 625298 is divided by 23?
20
What is the remainder when 3976561 is divided by 1690?
1681
Calculate the remainder when 6339814 is divided by 1764.
1762
Calculate the remainder when 816296291 is divided by 5516.
5515
Calculate the remainder when 88399 is divided by 88352.
47
Calculate the remainder when 8540165 is divided by 32227.
10
Calculate the remainder when 26962136 is divided by 1340.
1336
Calculate the remainder when 9016716 is divided by 9016667.
49
What is the remainder when 1422441 is divided by 24?
9
Calculate the remainder when 60279 is divided by 19242.
2553
What is the remainder when 71594 is divided by 4925?
2644
What is the remainder when 776151 is divided by 55?
46
What is the remainder when 4327698 is divided by 1159?
1151
Calculate the remainder when 191409 is divided by 580.
9
What is the remainder when 4683287 is divided by 60?
47
What is the remainder when 9320 is divided by 4571?
178
What is the remainder when 1535669 is divided by 766192?
3285
Calculate the remainder when 20364166 is divided by 23.
12
What is the remainder when 316921 is divided by 31554?
1381
What is the remainder when 13779 is divided by 4181?
1236
Calculate the remainder when 57215 is divided by 56699.
516
What is the remainder when 1926400 is divided by 158?
64
What is the remainder when 879580 is divided by 134?
4
What is the remainder when 11165019 is divided by 2233?
19
What is the remainder when 927606 is divided by 862?
94
Calculate the remainder when 12620047 is divided by 1315.
1307
What is the remainder when 834466 is divided by 36?
22
Calculate the remainder when 3417643 is divided by 6169.
17
Calculate the remainder when 2023021 is divided by 53237.
15
Calculate the remainder when 5611773 is divided by 5738.
9
Calculate the remainder when 118030 is divided by 867.
118
What is the remainder when 188592 is divided by 9719?
3931
Calculate the remainder when 1069674 is divided by 3302.
3128
What is the remainder when 17411738 is divided by 17?
15
Calculate the remainder when 42240245 is divided by 14.
5
What is the remainder when 9684477 is divided by 36136?
29
Calculate the remainder when 277323 is divided by 1233.
1131
What is the remainder when 29017 is divided by 4546?
1741
What is the remainder when 49434 is divided by 79?
59
Calculate the remainder when 16465574 is divided by 1030.
1024
Calculate the remainder when 114484 is divided by 2168.
1748
Calculate the remainder when 574018 is divided by 332.
322
What is the remainder when 8015557 is divided by 2?
1
What is the remainder when 65583 is divided by 2260?
43
What is the remainder when 17545 is divided by 8179?
1187
Calculate the remainder when 7407262 is divided by 496.
494
What is the remainder when 55136 is divided by 55125?
11
What is the remainder when 11014604 is divided by 196689?
20
What is the remainder when 160730 is divided by 93?
26
Calculate the remainder when 61879 is divided by 12349.
134
What is the remainder when 25529 is divided by 6361?
85
What is the remainder when 18736 is divided by 5835?
1231
What is the remainder when 359980668 is divided by 1405?
1403
Calculate the remainder when 3163057 is divided by 81104.
1
What is the remainder when 1640756 is divided by 5?
1
Calculate the remainder when 8178133 is divided by 481064.
45
Calculate the remainder when 95367529 is divided by 67.
64
Calculate the remainder when 6660 is divided by 130.
30
What is the remainder when 162239127 is divided by 1898?
1883
Calculate the remainder when 48562176 is divided by 174.
168
What is the remainder when 8088243 is divided by 449346?
15
What is the remainder when 4102159 is divided by 7?
5
What is the remainder when 51846258 is divided by 8641040?
18
Calculate the remainder when 4874613 is divided by 2437205.
203
Calculate the remainder when 69710 is divided by 205.
10
What is the remainder when 57165809 is divided by 1?
0
What is the remainder when 694703 is divided by 9020?
163
Calculate the remainder when 2133935 is divided by 1899.
1358
Calculate the remainder when 970069 is divided by 14924.
9
What is the remainder when 1376235 is divided by 2381?
17
Calculate the remainder when 105057 is divided by 26216.
193
What is the remainder when 47216135 is divided by 458?
457
Calculate the remainder when 8958759 is divided by 10.
9
What is the remainder when 995474 is divided by 4928?
18
Calculate the remainder when 1760220 is divided by 83818.
42
What is the remainder when 256946155 is divided by 8?
3
Calculate the remainder when 50727367 is divided by 185.
182
Calculate the remainder when 2336131 is divided by 88.
83
Calculate the remainder when 2803067 is divided by 467160.
107
Calculate the remainder when 178104 is divided by 178065.
39
Calculate the remainder when 502998 is divided by 502974.
24
What is the remainder when 788107 is divided by 34076?
4359
What is the remainder when 3178890 is divided by 12564?
198
Calculate the remainder when 245918 is divided by 293.
91
Calculate the remainder when 2985380 is divided by 2137.
2128
Calculate the remainder when 1189172 is divided by 16988.
12
Calculate the remainder when 7341658 is divided by 13017.
70
What is the remainder when 2005868 is divided by 19860?
8
What is the remainder when 107489 is divided by 1246?
333
Calculate the remainder when 320658155 is divided by 1323.
1322
Calculate the remainder when 92349035 is divided by 18.
17
What is the remainder when 78002 is divided by 19382?
474
What is the remainder when 202876806 is divided by 111?
108
Calculate the remainder when 27152 is divided by 6754.
136
Calculate the remainder when 801817 is divided by 17818.
7
Calculate the remainder when 1319061 is divided by 263777.
176
Calculate the remainder when 1054576 is divided by 957.
919
Calculate the remainder when 12413898 is divided by 5249.
13
Calculate the remainder when 18496 is divided by 5971.
583
Calculate the remainder when 1031035 is divided by 170.
155
Calculate the remainder when 682834 is divided by 320.
274
What is the remainder when 75316 is divided by 2906?
2666
Calculate the remainder when 408257105 is divided by 148.
141
Calculate the remainder when 6033301 is divided by 87439.
10
Calculate the remainder when 145337 is divided by 47881.
1694
What is the remainder when 587383030 is divided by 447?
445
What is the remainder when 1039677914 is divided by 830?
824
What is the remainder when 503026 is divided by 10046?
726
Calculate the remainder when 50595 is divided by 16831.
102
Calculate the remainder when 222656 is divided by 104177.
14302
Calculate the remainder when 6232774 is divided by 173132.
22
What is the remaind